 - 1 + 2*g**2. What is the hundreds digit of i(-4)?
1
Let h(q) = 10*q + 60. Let f be h(-6). Suppose f = -2*n + 52 + 264. What is the hundreds digit of n?
1
Suppose 0 = 3*v + 164 - 749. What is the hundreds digit of v?
1
Suppose 4*c = -2*z + 1046, 5*z + 0*c + 5*c - 2640 = 0. What is the units digit of z?
3
Let s be ((-36)/(-8) - 4)*4. Suppose 214 = s*t - 2*j, -4*t + 2*j = -667 + 233. What is the hundreds digit of t?
1
Suppose 3*w - 3*a - 4125 = 0, 12*w - 17*w + 2*a + 6860 = 0. What is the thousands digit of w?
1
Suppose 0 = b - 0 - 4. Suppose b*s - 5*u - 176 = -u, 0 = -2*s - u + 103. What is the units digit of s?
9
Suppose -4*j + 2680 = -3*h + h, 0 = 3*j - h - 2008. What is the units digit of j?
8
Suppose 0 = 5*v - 3*v - p - 255, -4*v + 4*p + 500 = 0. What is the hundreds digit of v?
1
Let q(o) = -o + 12. Let i be q(8). Suppose -4*s = 3*n - 90, 0*s = n - i*s - 30. What is the units digit of (-1)/(-1*3/n)?
0
Suppose 4*q - 22 = -2. Suppose -25 = 5*r, -q*k - r = 119 + 111. Let s = 77 + k. What is the units digit of s?
2
Suppose 0 = 4*p - u - 63, -5*p = -2*u - 123 + 45. Suppose -h = p + 10. What is the units digit of 66/1*(-13)/h?
3
Let q(w) = w**3 + 12*w**2 - w - 29. What is the hundreds digit of q(-9)?
2
Let t = -316 - -718. What is the tens digit of t?
0
Suppose 0 = -3*b - 3*f - 9, -2*f = b - 4*f - 12. Let n(q) = -q**b + 2*q**2 + 1 - 16*q + 11 + 5*q. What is the tens digit of n(12)?
2
Let w = -4440 + 6716. What is the thousands digit of w?
2
Let x(n) = -8 - 4 - 14*n + 4 - 2. Let j(z) = -z**2 + z + 2. Let c be j(3). What is the tens digit of x(c)?
4
Suppose -7*a - 425 = -19. What is the tens digit of 24/(-18) + a/(-3)?
1
Let d(k) = -6*k**2 - 8*k + 1753. What is the units digit of d(0)?
3
What is the units digit of 1 + (4 + -5 - -1)?
1
Let n be (-1408)/(-6) + 2/6. Suppose -2*k - 75 = -n. Suppose 3*b - 60 = -4*g, -3*g + k = 4*b - 2*g. What is the units digit of b?
0
Suppose -2*r + f + 4*f + 923 = 0, 1806 = 4*r - 2*f. What is the hundreds digit of r?
4
Let c = 417 - 292. Let l = c - -6. What is the hundreds digit of l?
1
Let m = 104 + -167. Let i = m - -113. Suppose -6*x + 8*x - i = 0. What is the units digit of x?
5
Suppose 2*k - 294 = -k. Suppose -g + 4*b = -86, -3*g + 2*g + k = 2*b. What is the tens digit of g?
9
What is the hundreds digit of -4 + (-5 - 1) + 615?
6
Let h(x) = 319*x**2 - 23*x + 45. What is the hundreds digit of h(2)?
2
Let i = 959 + -648. What is the hundreds digit of i?
3
What is the units digit of (-4 + 169/3)*6?
4
Let a be 126/(-30) + 2/10. Let s(g) = 6*g**2 - g + 5. What is the units digit of s(a)?
5
Suppose i = -136 + 471. What is the tens digit of (0 + i/(-20))*-4?
6
Suppose 7 = 3*v + 1. Suppose -3*m - 9 = -2*a, v*a + 6 = 5*a + 3*m. What is the units digit of a?
3
Suppose 0 = 3*j + 4*a + 247, 15 - 100 = j + 2*a. Let t be (-1)/(-3) + j/(-21). Suppose 0 = 2*r + t*f - 4, 0 = 2*r - f + 4*f - 5. What is the units digit of r?
4
Suppose 71*q - 58*q - 2353 = 0. What is the units digit of q?
1
Suppose 0 = 4*c + 5*z - 0*z + 2, 0 = -3*c - 3*z. Suppose 0 = -c*o - 2*i - 14, -4*i = 2*o - 7*o + 10. What is the units digit of 1/(o + (-5)/(-2))?
2
Let d(w) = -w**3 + 7*w**2 - 5*w - 6. Let i be d(6). Suppose 3*o = -3*g - 0*g + 66, -2*g = i. What is the units digit of o?
2
Let j be -1 - 1/(-2)*22. Suppose j*o - 252 = 4*o. What is the units digit of o?
2
Suppose -2 = -2*s + 2. Let k(o) = s*o + 0*o - 6*o - 3*o**2 + 4*o**2 + 4. What is the units digit of k(4)?
4
Let r(j) = -57*j + 233. What is the tens digit of r(-38)?
9
Let t = -163 + 239. Suppose -7*k = -5*k - t. What is the tens digit of k?
3
Suppose 12831 = 31*m - 24*m. What is the hundreds digit of m?
8
Suppose 6*h = 15*h + 90. Let j = 96 + h. What is the units digit of j?
6
Let t(u) = 3*u + 1. Let o(j) = 5*j + 2. Let h(i) = 2*o(i) - 5*t(i). Suppose -2*a + 3 = -3*a. What is the units digit of h(a)?
4
Let o be 4 + -3 + 1 - -11. Let w(j) = j**3 - 13*j**2 + 3. Let c be w(o). Suppose s = c*q + 37, -4*q - q = 20. What is the tens digit of s?
2
Let f(c) = -c**3 + 14*c**2 - 2*c + 15. Let a be f(14). Let q = -21 - a. Let z = 0 - q. What is the units digit of z?
8
Let q = -12 + 15. Let d be (3/6)/(q/18). What is the tens digit of 812/21 - d/(-9)?
3
Suppose -1870 = c - 6*c. Suppose 3*j = -d + c, -2*j = -4*j + d + 246. What is the tens digit of j?
2
Suppose 0*d - 5*d = 5*f + 25, 0 = -d + f - 15. Let h(y) = -y**2 - 7*y - 15. Let a be h(-6). Let q = a - d. What is the units digit of q?
1
Let o be (-4 - -14)*176/10. Suppose 17*z - o = 6*z. What is the tens digit of z?
1
Let q be -1 - (35/(-5) + 3). Suppose 3*l - 67 = 2*l - k, -q*l + 205 = k. Let b = -25 + l. What is the units digit of b?
4
Let o(f) be the third derivative of f**4/6 - 11*f**3/6 + 13*f**2. What is the tens digit of o(13)?
4
Let o = -20 - -25. Suppose 271 = o*u - 224. What is the units digit of u?
9
Let o = 5 - 3. Suppose -5*l = -o*x + 28, -5*l - x - 2*x = 8. What is the tens digit of (-8)/l*93/6?
3
Suppose -6*k + y = -5*k + 361, -1098 = 3*k + 2*y. Let g = -195 - k. What is the tens digit of g?
6
Let c(b) = 7 + 2*b - 2 - 2. Let r be c(4). Let p = r + 1. What is the units digit of p?
2
What is the tens digit of -4 - (954/(-30) + 12/15)?
2
Let z(u) = 2*u**2 - 17*u. Let x be z(8). What is the units digit of (-1)/x - (-7194)/48?
0
What is the tens digit of 6/(-5) + (-14820)/(-100)?
4
Suppose 0 = 60*z - 80*z + 29320. What is the units digit of z?
6
Let v = -108 - -116. Suppose 4*q - v - 20 = 0. What is the units digit of q?
7
Suppose 5*s + 2*l + 1 = 0, s + 4*l - l + 8 = 0. What is the tens digit of (-4355)/(-55) - (s - (-9)/(-11))?
7
Suppose -5*a - 208 = -o, 0*o - 88 = 2*a - 2*o. Suppose -3*k + 4*k + 24 = 0. Let j = k - a. What is the tens digit of j?
1
Let f(r) = 151*r**3 + r**2 + r - 1. Suppose -k - s = 4, -2*s + 0*s - 5 = 5*k. Let j be f(k). Suppose -5*o - 37 = -j. What is the tens digit of o?
2
Let j = 115 - -9. What is the hundreds digit of j?
1
Suppose -3 = -2*b - 4*h - 7, -b + 4*h + 4 = 0. Suppose 58 = 2*u - 5*c, -75 = -4*u - 4*c + 13. Let n = u + b. What is the tens digit of n?
2
Let z(y) = -3*y + 75. Let r be z(25). Suppose r = -4*c - 4*f + 880, 4*c + 0*f + 2*f = 890. What is the tens digit of c?
2
Suppose 0*q + z = q, 4*z = -20. Let n(b) = 6*b**2 + b + 15. What is the units digit of n(q)?
0
Let q(m) = m**2 - 5*m - 6. Suppose j - 11 = 4*u, j + 4 = -2*u - 3. Let p be 10 - j - (-6 - -9). What is the tens digit of q(p)?
1
Let m be (-12)/5 - (-4)/10. Let d(c) = -80*c + 1. Let i be d(m). Suppose -19 = -4*o + i. What is the tens digit of o?
4
Let a be (-7 - -1) + (-4)/2. Let b = -15 - a. Let j = 32 - b. What is the units digit of j?
9
Suppose -98*k = -99*k + 843. What is the units digit of k?
3
Let g(v) = -v**3 - 7*v**2 + 4. Let q be g(-7). Suppose 3*k = 8 + q. Suppose 0 = -0*j + k*j + 4*h - 80, -j + 35 = 4*h. What is the units digit of j?
5
Suppose 0 = g - 3*n - 633, g - 5*n = 586 + 37. What is the tens digit of g?
4
Let s be (21 + -1)/((-1)/12). Let k = s - -356. Suppose 0*i - k = -4*i. What is the tens digit of i?
2
Let b(x) = -x + 7. Let s be b(5). Suppose 0 = -s*g + 3*g. Let h = g + 8. What is the units digit of h?
8
Suppose -4*i + 3*l = -20, 2*i + 2*l - 24 = -0*l. Suppose -i*j - 275 = -5*h - 3*j, -2*h = 2*j - 102. What is the units digit of h?
3
Let m(f) = -f**2 - 7*f - 4. Let q be m(-6). Suppose -q*h - i + 92 = -5*i, -2*i - 6 = 0. What is the tens digit of h?
4
Suppose -4*v - 5*p + 20 = 0, -5*v - p = 4*p - 20. Suppose -4*t + 2*g + 572 = v, -3*g = -4*t + t + 429. What is the units digit of t?
3
Let f be (4/10)/(1/15). Suppose 0 = -4*y + f + 6. What is the tens digit of (y/2)/((-4)/(-152))?
5
Let f = -270 - -454. What is the units digit of f?
4
Suppose -5*u - 4 - 1 = 4*j, 3*u + 5*j + 16 = 0. Suppose z - 41 = 4*p - p, -u*p = -15. What is the units digit of z?
6
Let t = 55 + -51. Suppose -4*a = t*x - 944, 231 = a + 2*x - 0*x. What is the hundreds digit of a?
2
What is the tens digit of (3 - -2)*(-10850)/(-125)?
3
Suppose 0*o + x = 2*o - 1, 0 = 4*o - x - 7. Suppose o + 2 = -h. What is the tens digit of (h + 3)/((-3)/48)?
3
Suppose 2946*m + 1434 = 2948*m. What is the tens digit of m?
1
Let a(s) = s**3 + 4*s**2 + 3*s - 2. Let v be a(-3). Let f(u) = -66*u - 6. What is the hundreds digit of f(v)?
1
Let a be (-2)/((-1 - -3)/(-18)). Let y(i) =